{"id":22047,"date":"2026-03-19T10:16:14","date_gmt":"2026-03-19T10:16:14","guid":{"rendered":"https:\/\/www.staykooook.com\/munich-city\/?page_id=22047"},"modified":"2026-04-09T15:16:24","modified_gmt":"2026-04-09T14:16:24","slug":"nachhaltigkeit","status":"publish","type":"page","link":"https:\/\/www.staykooook.com\/munich-city\/nachhaltigkeit\/","title":{"rendered":"Nachhaltigkeit"},"content":{"rendered":"","protected":false},"excerpt":{"rendered":"","protected":false},"author":3,"featured_media":0,"parent":0,"menu_order":0,"comment_status":"closed","ping_status":"closed","template":"page-builder.php","meta":{"_acf_changed":false,"footnotes":""},"class_list":["post-22047","page","type-page","status-publish","hentry"],"acf":[],"yoast_head":"<!-- This site is optimized with the Yoast SEO plugin v27.1.1 - https:\/\/yoast.com\/product\/yoast-seo-wordpress\/ -->\n<title>Nachhaltiges Hotel M\u00fcnchen | Stay KooooK Munich City<\/title>\n<meta name=\"description\" content=\"Nachhaltig \u00fcbernachten in M\u00fcnchen: Stay KooooK Munich City setzt auf smartes Design, digitale Prozesse &amp; bewussten Ressourceneinsatz.\" \/>\n<meta name=\"robots\" content=\"index, follow, max-snippet:-1, max-image-preview:large, max-video-preview:-1\" \/>\n<link rel=\"canonical\" href=\"https:\/\/www.staykooook.com\/munich-city\/nachhaltigkeit\/\" \/>\n<meta property=\"og:locale\" content=\"de_DE\" \/>\n<meta property=\"og:type\" content=\"article\" \/>\n<meta property=\"og:title\" content=\"Nachhaltiges Hotel M\u00fcnchen | Stay KooooK Munich City\" \/>\n<meta property=\"og:description\" content=\"Nachhaltig \u00fcbernachten in M\u00fcnchen: Stay KooooK Munich City setzt auf smartes Design, digitale Prozesse &amp; bewussten Ressourceneinsatz.\" \/>\n<meta property=\"og:url\" content=\"https:\/\/www.staykooook.com\/munich-city\/nachhaltigkeit\/\" \/>\n<meta property=\"og:site_name\" content=\"Munich City\" \/>\n<meta property=\"article:modified_time\" content=\"2026-04-09T14:16:24+00:00\" \/>\n<meta name=\"twitter:card\" content=\"summary_large_image\" \/>\n<meta name=\"twitter:label1\" content=\"Gesch\u00e4tzte Lesezeit\" \/>\n\t<meta name=\"twitter:data1\" content=\"4\u00a0Minuten\" \/>\n<script type=\"application\/ld+json\" class=\"yoast-schema-graph\">{\"@context\":\"https:\/\/schema.org\",\"@graph\":[{\"@type\":\"WebPage\",\"@id\":\"https:\/\/www.staykooook.com\/munich-city\/nachhaltigkeit\/\",\"url\":\"https:\/\/www.staykooook.com\/munich-city\/nachhaltigkeit\/\",\"name\":\"Nachhaltiges Hotel M\u00fcnchen | Stay KooooK Munich City\",\"isPartOf\":{\"@id\":\"https:\/\/www.staykooook.com\/munich-city\/#website\"},\"datePublished\":\"2026-03-19T10:16:14+00:00\",\"dateModified\":\"2026-04-09T14:16:24+00:00\",\"description\":\"Nachhaltig \u00fcbernachten in M\u00fcnchen: Stay KooooK Munich City setzt auf smartes Design, digitale Prozesse & bewussten Ressourceneinsatz.\",\"breadcrumb\":{\"@id\":\"https:\/\/www.staykooook.com\/munich-city\/nachhaltigkeit\/#breadcrumb\"},\"inLanguage\":\"de\",\"potentialAction\":[{\"@type\":\"ReadAction\",\"target\":[\"https:\/\/www.staykooook.com\/munich-city\/nachhaltigkeit\/\"]}]},{\"@type\":\"BreadcrumbList\",\"@id\":\"https:\/\/www.staykooook.com\/munich-city\/nachhaltigkeit\/#breadcrumb\",\"itemListElement\":[{\"@type\":\"ListItem\",\"position\":1,\"name\":\"Home\",\"item\":\"https:\/\/www.staykooook.com\/munich-city\/\"},{\"@type\":\"ListItem\",\"position\":2,\"name\":\"Nachhaltigkeit\"}]},{\"@type\":\"WebSite\",\"@id\":\"https:\/\/www.staykooook.com\/munich-city\/#website\",\"url\":\"https:\/\/www.staykooook.com\/munich-city\/\",\"name\":\"Munich City\",\"description\":\"Just another KooooK site\",\"potentialAction\":[{\"@type\":\"SearchAction\",\"target\":{\"@type\":\"EntryPoint\",\"urlTemplate\":\"https:\/\/www.staykooook.com\/munich-city\/?s={search_term_string}\"},\"query-input\":{\"@type\":\"PropertyValueSpecification\",\"valueRequired\":true,\"valueName\":\"search_term_string\"}}],\"inLanguage\":\"de\"}]}<\/script>\n<!-- \/ Yoast SEO plugin. -->","yoast_head_json":{"title":"Nachhaltiges Hotel M\u00fcnchen | Stay KooooK Munich City","description":"Nachhaltig \u00fcbernachten in M\u00fcnchen: Stay KooooK Munich City setzt auf smartes Design, digitale Prozesse & bewussten Ressourceneinsatz.","robots":{"index":"index","follow":"follow","max-snippet":"max-snippet:-1","max-image-preview":"max-image-preview:large","max-video-preview":"max-video-preview:-1"},"canonical":"https:\/\/www.staykooook.com\/munich-city\/nachhaltigkeit\/","og_locale":"de_DE","og_type":"article","og_title":"Nachhaltiges Hotel M\u00fcnchen | Stay KooooK Munich City","og_description":"Nachhaltig \u00fcbernachten in M\u00fcnchen: Stay KooooK Munich City setzt auf smartes Design, digitale Prozesse & bewussten Ressourceneinsatz.","og_url":"https:\/\/www.staykooook.com\/munich-city\/nachhaltigkeit\/","og_site_name":"Munich City","article_modified_time":"2026-04-09T14:16:24+00:00","twitter_card":"summary_large_image","twitter_misc":{"Gesch\u00e4tzte Lesezeit":"4\u00a0Minuten"},"schema":{"@context":"https:\/\/schema.org","@graph":[{"@type":"WebPage","@id":"https:\/\/www.staykooook.com\/munich-city\/nachhaltigkeit\/","url":"https:\/\/www.staykooook.com\/munich-city\/nachhaltigkeit\/","name":"Nachhaltiges Hotel M\u00fcnchen | Stay KooooK Munich City","isPartOf":{"@id":"https:\/\/www.staykooook.com\/munich-city\/#website"},"datePublished":"2026-03-19T10:16:14+00:00","dateModified":"2026-04-09T14:16:24+00:00","description":"Nachhaltig \u00fcbernachten in M\u00fcnchen: Stay KooooK Munich City setzt auf smartes Design, digitale Prozesse & bewussten Ressourceneinsatz.","breadcrumb":{"@id":"https:\/\/www.staykooook.com\/munich-city\/nachhaltigkeit\/#breadcrumb"},"inLanguage":"de","potentialAction":[{"@type":"ReadAction","target":["https:\/\/www.staykooook.com\/munich-city\/nachhaltigkeit\/"]}]},{"@type":"BreadcrumbList","@id":"https:\/\/www.staykooook.com\/munich-city\/nachhaltigkeit\/#breadcrumb","itemListElement":[{"@type":"ListItem","position":1,"name":"Home","item":"https:\/\/www.staykooook.com\/munich-city\/"},{"@type":"ListItem","position":2,"name":"Nachhaltigkeit"}]},{"@type":"WebSite","@id":"https:\/\/www.staykooook.com\/munich-city\/#website","url":"https:\/\/www.staykooook.com\/munich-city\/","name":"Munich City","description":"Just another KooooK site","potentialAction":[{"@type":"SearchAction","target":{"@type":"EntryPoint","urlTemplate":"https:\/\/www.staykooook.com\/munich-city\/?s={search_term_string}"},"query-input":{"@type":"PropertyValueSpecification","valueRequired":true,"valueName":"search_term_string"}}],"inLanguage":"de"}]}},"_links":{"self":[{"href":"https:\/\/www.staykooook.com\/munich-city\/wp-json\/wp\/v2\/pages\/22047","targetHints":{"allow":["GET"]}}],"collection":[{"href":"https:\/\/www.staykooook.com\/munich-city\/wp-json\/wp\/v2\/pages"}],"about":[{"href":"https:\/\/www.staykooook.com\/munich-city\/wp-json\/wp\/v2\/types\/page"}],"author":[{"embeddable":true,"href":"https:\/\/www.staykooook.com\/munich-city\/wp-json\/wp\/v2\/users\/3"}],"replies":[{"embeddable":true,"href":"https:\/\/www.staykooook.com\/munich-city\/wp-json\/wp\/v2\/comments?post=22047"}],"version-history":[{"count":4,"href":"https:\/\/www.staykooook.com\/munich-city\/wp-json\/wp\/v2\/pages\/22047\/revisions"}],"predecessor-version":[{"id":22128,"href":"https:\/\/www.staykooook.com\/munich-city\/wp-json\/wp\/v2\/pages\/22047\/revisions\/22128"}],"wp:attachment":[{"href":"https:\/\/www.staykooook.com\/munich-city\/wp-json\/wp\/v2\/media?parent=22047"}],"curies":[{"name":"wp","href":"https:\/\/api.w.org\/{rel}","templated":true}]}}